{"id":13293,"date":"2023-06-05T21:09:49","date_gmt":"2023-06-06T00:09:49","guid":{"rendered":"https:\/\/web.arenasycayo.cl\/?page_id=13293"},"modified":"2023-07-14T12:57:22","modified_gmt":"2023-07-14T15:57:22","slug":"valoracion-empresas","status":"publish","type":"page","link":"https:\/\/arenasycayo.cl\/web\/valoracion-empresas\/","title":{"rendered":"Valoraci\u00f3n de empresas"},"content":{"rendered":"\t\t<div data-elementor-type=\"wp-page\" data-elementor-id=\"13293\" class=\"elementor elementor-13293\" data-elementor-post-type=\"page\">\n\t\t\t\t\t\t<section class=\"elementor-section elementor-top-section elementor-element elementor-element-9e490be elementor-section-boxed elementor-section-height-default elementor-section-height-default\" data-id=\"9e490be\" data-element_type=\"section\" data-settings=\"{&quot;background_background&quot;:&quot;classic&quot;}\">\n\t\t\t\t\t\t\t<div class=\"elementor-background-overlay\"><\/div>\n\t\t\t\t\t\t\t<div class=\"elementor-container elementor-column-gap-wider\">\n\t\t\t\t\t<div class=\"elementor-column elementor-col-50 elementor-top-column elementor-element elementor-element-49ade47\" data-id=\"49ade47\" data-element_type=\"column\">\n\t\t\t<div class=\"elementor-widget-wrap elementor-element-populated\">\n\t\t\t\t\t\t<div class=\"elementor-element elementor-element-79557e9 elementor-invisible elementor-widget elementor-widget-heading\" data-id=\"79557e9\" data-element_type=\"widget\" data-settings=\"{&quot;_animation&quot;:&quot;fadeInDown&quot;}\" data-widget_type=\"heading.default\">\n\t\t\t\t<div class=\"elementor-widget-container\">\n\t\t\t\t\t<h2 class=\"elementor-heading-title elementor-size-default\">VALORACI\u00d3N DE EMPRESAS<\/h2>\t\t\t\t<\/div>\n\t\t\t\t<\/div>\n\t\t\t\t<div class=\"elementor-element elementor-element-dfe660d elementor-widget-divider--view-line elementor-widget elementor-widget-divider\" data-id=\"dfe660d\" data-element_type=\"widget\" data-widget_type=\"divider.default\">\n\t\t\t\t<div class=\"elementor-widget-container\">\n\t\t\t\t\t\t\t<div class=\"elementor-divider\">\n\t\t\t<span class=\"elementor-divider-separator\">\n\t\t\t\t\t\t<\/span>\n\t\t<\/div>\n\t\t\t\t\t\t<\/div>\n\t\t\t\t<\/div>\n\t\t\t\t<div class=\"elementor-element elementor-element-ea07513 elementor-widget elementor-widget-spacer\" data-id=\"ea07513\" data-element_type=\"widget\" data-widget_type=\"spacer.default\">\n\t\t\t\t<div class=\"elementor-widget-container\">\n\t\t\t\t\t\t\t<div class=\"elementor-spacer\">\n\t\t\t<div class=\"elementor-spacer-inner\"><\/div>\n\t\t<\/div>\n\t\t\t\t\t\t<\/div>\n\t\t\t\t<\/div>\n\t\t\t\t<div class=\"elementor-element elementor-element-50c8dd2 elementor-align-center elementor-invisible elementor-widget elementor-widget-button\" data-id=\"50c8dd2\" data-element_type=\"widget\" data-settings=\"{&quot;_animation&quot;:&quot;zoomIn&quot;}\" data-widget_type=\"button.default\">\n\t\t\t\t<div class=\"elementor-widget-container\">\n\t\t\t\t\t\t\t\t\t<div class=\"elementor-button-wrapper\">\n\t\t\t\t\t<a class=\"elementor-button elementor-button-link elementor-size-sm\" href=\"https:\/\/arenasycayo.cl\/web\/contacto\/\">\n\t\t\t\t\t\t<span class=\"elementor-button-content-wrapper\">\n\t\t\t\t\t\t\t\t\t<span class=\"elementor-button-text\">SOLICITAR SERVICIO<\/span>\n\t\t\t\t\t<\/span>\n\t\t\t\t\t<\/a>\n\t\t\t\t<\/div>\n\t\t\t\t\t\t\t\t<\/div>\n\t\t\t\t<\/div>\n\t\t\t\t<div class=\"elementor-element elementor-element-6b15091 elementor-widget elementor-widget-spacer\" data-id=\"6b15091\" data-element_type=\"widget\" data-widget_type=\"spacer.default\">\n\t\t\t\t<div class=\"elementor-widget-container\">\n\t\t\t\t\t\t\t<div class=\"elementor-spacer\">\n\t\t\t<div class=\"elementor-spacer-inner\"><\/div>\n\t\t<\/div>\n\t\t\t\t\t\t<\/div>\n\t\t\t\t<\/div>\n\t\t\t\t<div class=\"elementor-element elementor-element-5bcf4e1 elementor-widget elementor-widget-image\" data-id=\"5bcf4e1\" data-element_type=\"widget\" data-widget_type=\"image.default\">\n\t\t\t\t<div class=\"elementor-widget-container\">\n\t\t\t\t\t\t\t\t\t\t\t\t\t\t\t<img fetchpriority=\"high\" decoding=\"async\" width=\"586\" height=\"205\" src=\"https:\/\/arenasycayo.cl\/web\/wp-content\/uploads\/2023\/06\/empresas.png\" class=\"attachment-large size-large wp-image-13307\" alt=\"\" srcset=\"https:\/\/arenasycayo.cl\/web\/wp-content\/uploads\/2023\/06\/empresas.png 586w, https:\/\/arenasycayo.cl\/web\/wp-content\/uploads\/2023\/06\/empresas-300x105.png 300w\" sizes=\"(max-width: 586px) 100vw, 586px\" \/>\t\t\t\t\t\t\t\t\t\t\t\t\t\t\t<\/div>\n\t\t\t\t<\/div>\n\t\t\t\t\t<\/div>\n\t\t<\/div>\n\t\t\t\t<div class=\"elementor-column elementor-col-50 elementor-top-column elementor-element elementor-element-ce5ea6c\" data-id=\"ce5ea6c\" data-element_type=\"column\">\n\t\t\t<div class=\"elementor-widget-wrap elementor-element-populated\">\n\t\t\t\t\t\t<div class=\"elementor-element elementor-element-472b9d1 elementor-widget elementor-widget-text-editor\" data-id=\"472b9d1\" data-element_type=\"widget\" data-widget_type=\"text-editor.default\">\n\t\t\t\t<div class=\"elementor-widget-container\">\n\t\t\t\t\t\t\t\t\t<p style=\"text-align: justify;\">Contamos con un selecto grupo interdisciplinario, con amplia experiencia en la Valorizaci\u00f3n Econ\u00f3mica y Financiera de m\u00e1s de 10 a\u00f1os de experiencia en el \u00e1rea, algunos de ellos, ocupando altos cargos directivos en empresas internacionales y locales.<\/p><p style=\"text-align: justify;\">Algunas de nuestras herramientas de an\u00e1lisis valorativo tienen relaci\u00f3n con la utilizaci\u00f3n de:<\/p><ul><li><strong>Valoraci\u00f3n por ratios o m\u00faltiplos.<\/strong>\u00a0Determinaci\u00f3n del polinomio m\u00e1s representativo de la evoluci\u00f3n de los valores de la empresa (valor de activo, venta, Ebitda) y determinaci\u00f3n del o los m\u00faltiplos dependiendo del tipo de activo valorado.<\/li><li><strong>An\u00e1lisis de flujos descontados.<\/strong>\u00a0Proyecciones de flujos de cajas operacionales y flujo de caja accionistas, con tasa de descuento ajustadas a riesgo y nivel de endeudamiento. Determinaci\u00f3n del o los Beta de los activos del fondo.<\/li><\/ul>\t\t\t\t\t\t\t\t<\/div>\n\t\t\t\t<\/div>\n\t\t\t\t<div class=\"elementor-element elementor-element-144d240 elementor-widget elementor-widget-spacer\" data-id=\"144d240\" data-element_type=\"widget\" data-widget_type=\"spacer.default\">\n\t\t\t\t<div class=\"elementor-widget-container\">\n\t\t\t\t\t\t\t<div class=\"elementor-spacer\">\n\t\t\t<div class=\"elementor-spacer-inner\"><\/div>\n\t\t<\/div>\n\t\t\t\t\t\t<\/div>\n\t\t\t\t<\/div>\n\t\t\t\t<div class=\"elementor-element elementor-element-b911210 elementor-widget elementor-widget-the7-accordion\" data-id=\"b911210\" data-element_type=\"widget\" data-widget_type=\"the7-accordion.default\">\n\t\t\t\t<div class=\"elementor-widget-container\">\n\t\t\t\t\t\t\t<div class=\"elementor-accordion the7-adv-accordion ac_top_bottom_borders ac_left_right_borders\" data-accordion-type=\"accordion\" role=\"tablist\">\n\t\t\t\t\t\t\t<div class=\"elementor-accordion-item\">\n\t\t\t\t\t<h4 id=\"elementor-tab-title-1941\" class=\"elementor-tab-title the7-accordion-header deactive-default\" data-tab=\"1\" role=\"tab\" aria-controls=\"elementor-tab-content-1941\">\n\n\t\t\t\t\t\t\t\t\t\t\t\t\t<span class=\"elementor-accordion-icon elementor-accordion-icon-left\" aria-hidden=\"true\">\n\t\t\t\t\t\t\t\t\t\t\t\t\t\t\t<span class=\"elementor-accordion-icon-closed\"><i class=\"fas fa-caret-down\"><\/i><\/span>\n\t\t\t\t\t\t\t\t\t\t\t\t\t\t\t\t\t<span class=\"elementor-accordion-icon-opened\"><i class=\"fas fa-caret-up\"><\/i><\/span>\n\t\t\t\t\t\t\t\t\t\t\t\t\t\t\t\t\t\t\t\t\t\t<\/span>\n\t\t\t\t\t\t\t\t\t\t\t\t\t\t\t\t\t\t<a class=\"elementor-accordion-title\" href=\"\">RUBROS<\/a>\n\t\t\t\t\t<\/h4>\n\t\t\t\t\t<div id=\"elementor-tab-content-1941\" class=\"elementor-tab-content elementor-clearfix deactive-default\" data-tab=\"1\" role=\"tabpanel\" aria-labelledby=\"elementor-tab-title-1941\"><ul><li>Centros comerciales<\/li><li>Proyectos inmobiliarios<\/li><li>Embotelladoras<\/li><li>Cl\u00ednicas<\/li><li>Productos financieros (bonos de opciones convertibles en acciones, fondos de inversi\u00f3n p\u00fablico y privado)<\/li><li>Empresas de seguro de vida, generales y seguros de APV<\/li><li>Empresas de servicios<\/li><li>Hoteles y cadenas de hoteles<\/li><li>Restaurantes y cadenas de restaurantes<\/li><\/ul><\/div>\n\t\t\t\t<\/div>\n\t\t\t\t\t<\/div>\n\t\t\t\t\t\t<\/div>\n\t\t\t\t<\/div>\n\t\t\t\t\t<\/div>\n\t\t<\/div>\n\t\t\t\t\t<\/div>\n\t\t<\/section>\n\t\t\t\t<\/div>\n\t\t","protected":false},"excerpt":{"rendered":"<p>VALORACI\u00d3N DE EMPRESAS SOLICITAR SERVICIO Contamos con un selecto grupo interdisciplinario, con amplia experiencia en la Valorizaci\u00f3n Econ\u00f3mica y Financiera de m\u00e1s de 10 a\u00f1os de experiencia en el \u00e1rea, algunos de ellos, ocupando altos cargos directivos en empresas internacionales y locales. Algunas de nuestras herramientas de an\u00e1lisis valorativo tienen relaci\u00f3n con la utilizaci\u00f3n de:&hellip;<\/p>\n","protected":false},"author":1,"featured_media":0,"parent":0,"menu_order":0,"comment_status":"closed","ping_status":"closed","template":"elementor_header_footer","meta":{"footnotes":""},"class_list":["post-13293","page","type-page","status-publish","hentry"],"_links":{"self":[{"href":"https:\/\/arenasycayo.cl\/web\/wp-json\/wp\/v2\/pages\/13293","targetHints":{"allow":["GET"]}}],"collection":[{"href":"https:\/\/arenasycayo.cl\/web\/wp-json\/wp\/v2\/pages"}],"about":[{"href":"https:\/\/arenasycayo.cl\/web\/wp-json\/wp\/v2\/types\/page"}],"author":[{"embeddable":true,"href":"https:\/\/arenasycayo.cl\/web\/wp-json\/wp\/v2\/users\/1"}],"replies":[{"embeddable":true,"href":"https:\/\/arenasycayo.cl\/web\/wp-json\/wp\/v2\/comments?post=13293"}],"version-history":[{"count":22,"href":"https:\/\/arenasycayo.cl\/web\/wp-json\/wp\/v2\/pages\/13293\/revisions"}],"predecessor-version":[{"id":14001,"href":"https:\/\/arenasycayo.cl\/web\/wp-json\/wp\/v2\/pages\/13293\/revisions\/14001"}],"wp:attachment":[{"href":"https:\/\/arenasycayo.cl\/web\/wp-json\/wp\/v2\/media?parent=13293"}],"curies":[{"name":"wp","href":"https:\/\/api.w.org\/{rel}","templated":true}]}}